aluate -11 - (32 - (-24 + 69)).
2
Calculate -1 + -53 - (217 - 326).
55
What is (-9 - -2 - (72 + -45)) + -7?
-41
Calculate 76 + 104 + -80 + 0.
100
49 + (49 - (82 - 17))
33
Evaluate 892 + -879 + (-53 - (0 + 3)).
-43
Calculate (-3194 - -3239) + (-89 - -1).
-43
Calculate -10 + (28 + -17 + -38 - -17) + -2.
-22
25 + 1 + 40 + -1 + -157
-92
(-1 + -21 - (-46 - -46)) + (2 - -6) + 3
-11
(7 - (5 + -3)) + 4 - ((-7 - -40) + -1)
-23
Evaluate 37 + 0 - (-6 + -119) - 33.
129
Calculate 1 + 13 + -21 + 23 + -2.
14
32 + (-1 - (-28 - 26 - -26))
59
Evaluate -14 + 23 + -2 + (-2 - -5) - 29.
-19
What is the value of -11 + (53 - 47) + 5 + -16?
-16
What is (16 - (6 + 6) - -10) + -23 - 115?
-124
Calculate -135 - (-103 + -53 + 56).
-35
27 + (2 - 5 - (304 + -298))
18
Calculate 6 + -1 + 8 + 2 - (-88 + -4 + 15).
92
What is (2 - (45 - 34)) + -11?
-20
What is the value of -22 + -78 + 26 + 22 + 27?
-25
Calculate 10 + (6 - (-28 + 28)) - 2.
14
What is the value of 5 + 9 + -34 - 9?
-29
What is the value of -22 + 5 + -16 + 53 - (-1 - 73)?
94
Calculate (9 - 0) + (325 - 329) - (1 + -33 + -1).
38
What is the value of -137 + 134 + (-48 - (-2 + 3 + -5))?
-47
What is (138 - (71 + 36)) + (0 - -57)?
88
(-4 + 12 - (-2 - -1)) + -53 + (3 - -34)
-7
Calculate (-22442 - -22485) + (-46 - 0).
-3
Calculate -13 - (55 - (-18 - (20 + -42) - -12)).
-52
What is the value of -17 + (-10 + 6 - (-5 - -2)) + 8?
-10
What is -42 - -4 - (28 - (68 + -58))?
-56
What is the value of 13 + (22 + -15 - 4) - -13?
29
Calculate -24 - (7 + 1 + -6 + (-23 - (16 - 42))).
-29
-7 + -24 + 33 - (-7 + 56)
-47
Evaluate 31 - ((-31 - -54) + 23).
-15
What is (-62 + 54 - -98) + -43?
47
What is -4 + (4 + 32 - ((5 - 3 - -1) + 5))?
24
297 + -199 + -82 - (-1 - (0 - 26))
-9
Calculate -1 + 2 + (15 - (-44 + (36 - -99))).
-75
Calculate 12 + (-63 - -58) + (2 - -2) - 7.
4
What is the value of 18139 - 18095 - (-2 - (4 - (-2 + 0)))?
52
What is 4 + 21 - (754 - 724)?
-5
What is (19 + -42 - -63) + -40?
0
Calculate (278 - (274 + -29)) + (-30 - 0).
3
Evaluate 1 + -39 + (31 - -27) + -29.
-9
What is 67 + 14 - 85 - ((-3 + 2 - 0) + 65)?
-68
Calculate -32 + 88 + (-49 - -21) + -63.
-35
What is (6 - -12) + -3 + 29?
44
What is -12 - (-2 - 11 - -5) - 61 - (12 - 4)?
-73
Evaluate 0 - 61 - (-2000 - -1934 - (0 - 79)).
-74
What is 173 + -80 + -84 - (0 - 0 - -2) - -9?
16
What is (-2 - 15) + -167 + 159?
-25
Calculate 5 - 5 - -5 - (47 - 41) - (4 - 44).
39
What is the value of 6 + (-9 - -10 - 0) + -3 + -35?
-31
Calculate 23 + 55 - (365 - 221).
-66
What is -3 - -11 - ((7 - (3 - 2)) + -1264 + 1258)?
8
Evaluate (-32 + 16 - -9) + 84 + -15 + 4.
66
What is (71 - 8) + -8 + 6 + 4 - -17?
82
What is 135 + 18 - (817 - 780)?
116
Evaluate -20 + 24 + (16 - (-33 + 84)).
-31
Calculate -22 + (5 - -5 - (11 - 15)).
-8
Calculate -1 + -5 + (-15 - -42 - -21).
42
Evaluate -31 + 44 + (0 - -5 - 1 - (-4 + 20)).
1
Evaluate -5 - 4 - (-18 - -10 - 2 - (-8 - 2)).
-9
What is -36 - 22 - -53 - (75 + (-9 - -4) + -2)?
-73
What is the value of (-4 - (10 + -10 - 55)) + -23 + 12?
40
Calculate 30 + -22 + -6 + 43.
45
What is the value of -57 + 31 + -68 + 10 + -7 + -16 + 6?
-101
What is -5558 - -5565 - (18 + 2 - 0)?
-13
What is -22 - (42 + (21 - -5) + -35)?
-55
Evaluate 8 + (-8 - (56 - (-4 - 1))) + 1.
-60
What is -46 - ((52 - 119) + 40)?
-19
-43 - 3 - -7 - (10 + -17) - 3
-35
Evaluate 40 + -1 + 14 + -52 + 50.
51
Evaluate 1 + (-2 + (-5 - (6 + -13)) - (-20 + 17)).
4
(0 - -1) + (-11 - 6) + -5 + 31 + -20
-10
Evaluate 14871 - 15016 - (-1 - 69).
-75
(79 - 40) + -29 + 43
53
Calculate 35 + -9 + -20 - 2 - -22.
26
Calculate (-134 - -36 - -100) + (0 - -1 - 24).
-21
(-16 - -43) + -6 + 0 - 6
15
What is the value of (-3 - (-35 + 33) - (-10 - -8)) + -1 + -9?
-9
Evaluate (1363 - 1382) + (-29 - (-2 - -1)).
-47
Calculate (-45 - (-15 + 27 - 90)) + -93.
-60
What is the value of (11 - -30) + -1 + -32?
8
What is (17 - (4 - 2)) + -3 - (-366 + 361)?
17
What is (4 - (4 - -1)) + (-39 - -160) + 0 + -1?
119
-37 + 89 + -49 + -2 + 42 + 2 + 2
47
Evaluate (-36 - (15 - 31)) + 43 - 72.
-49
41 - -1 - (185 - 119 - -81)
-105
(-3 - 14) + 23 + 12 + -17
1
Calculate 8 + -9 + 3 + 0 + 23 + -48 + 0.
-23
Calculate 15 + (-5 - (13 + -38 + 13)) + 7.
29
What is the value of 28 - (33 + -30 + 34)?
-9
Evaluate -177 + 205 - (-81 - (11 + -12)).
108
Calculate -2782 + 2745 + 1 + (1 - (-2 - (-5 - -3))).
-35
Calculate 68 + -43 + -76 + 15.
-36
What is 14 - (86 + -62 + -42)?
32
Evaluate 113 + -265 + 149 - (-1 + 5).
-7
What is 22 + (-34 - 0 - (238 - 246))?
-4
What is the value of -77 + (-96 - (-123 + 3))?
-53
12 + -2 - (26 + (-25 - (-5 - 4)))
0
Calculate (-1 + 2 - -41) + (3 - (4 + (37 - 30))).
34
-37 + -2 - (7 + 0 + -646 + 632)
-32
5 + 1 + -2 - (377 - (50 + 409))
86
What is (-73 - (-119 + 19)) + (-77 - -1)?
-49
Calculate (-7 - -19 - 61) + (0 - -12 - 5 - 14).
-56
What is 0 + -29 + -32 - -30?
-31
What is -45 + 62 - (80 + (16 - (10 + -6)))?
-75
What is 9 - (-112 - -93 - ((-5 - (0 - -1)) + 0))?
22
Evaluate -12 + 4 - 14 - -55.
33
What is the value of (-36 - -44) + (-10 - (-22 + 21))?
-1
Calculate -15 - (-2 + (14 - (-19 + 22) - 9)).
-15
Evaluate -192 - -185 - (-51 + 10).
34
4 + -16 + 0 + (-10 - -7) + 8 + -1
-8
What is the value of -5 + (-91 - -61 - (-16 - 0))?
-19
Evaluate (-14 - -6) + 11 + (0 - (42 + -70)).
31
Evaluate -61 + (2 + (-21 - 5) + 14 - (-19 + -2)).
-50
Evaluate (-1 + 11 - (138 - 132)) + 8 - -6.
18
Calculate -9 - (0 + -1 + -41 - (99 - 91)).
41
What is the value of 4 + -15 + 17 + (15 - 28) - -12?
5
What is the value of 28 - (-12 - 41 - -32)?
49
Calculate -72 + 1 - (1434 + -1469).
-36
Calculate 9792 + -9788 - (-2 - (-2 + -45)).
-41
What is the value of 0 - -45 - (14 + -2 - 1 - (395 + -391))?
38
What is (-37 - -56) + -13 + -51?
-45
Evaluate -62 - (-12 + (-76 - -71)).
-45
What is -10 + (2 - (5 - 14) - 1) + -29?
-29
What is the value of (9 - 8) + -28 + -32 + (-4 - -18)?
-45
What is -3 + (22 - 33 - -22) + -150?
-142
Evaluate -29 - ((17 - 25) + (-44 - -43)).
-20
Calculate (-73 - (-31 + -8)) + -2 + -26.
-62
What is the value of 34 - (54 - (79 - 82))?
-23
Evaluate -51 + -1 + 48 + -7 + (-2 - -23).
10
Evaluate (-11 + 35 + -18 - -12) + 9.
27
Calculate 6 + -63 - (113 + -132).
-38
What is 0 + (19 - 49) + 21 + (-4 - (-51 + 0))?
38
13 + 23 + -28 + -23 - (-2 - 74)
61
What is 12 + -1 + 7 + -2 + 54 + 7?
77
What is -20 + (33 - 25) + -3 + 102 + 1 + 5?
93
What is -5 + 2 + 1 + 79 - (-16 + 30)?
63
Calculate (-33 + 0 + 17 - (-28 + -1)) + -67 - -16.
-38
What is (2 - (8 - (-13 + 9) - 19)) + -93?
-84
What is the value of (1 - 53) + 7400 + -7363?
-15
Evaluate 7 - (16 - (-27 - (19 - 37))).
-18
(-93 - -40) + 92 - 51 - (-86 - 1)
75
What is (-2 - -9) + -16 + 8 + -836 + 808?
-29
What is (23 - -1) + (159 - (-130 + 264))?
49
(2 - (-44 + -1)) + (-42 - -17 - 22) + 52
52
Calculate -1 + -5 - ((2 - 18) + (83 - 59)).
-14
-1 + -54 + (72 - 63) + 5
-41
-54 - (-90 + 24) - 31
-19
What is the value of 3 - 19 - (2 + (-13 - -12 - -2))?
-19
Calculate 38 + (15 - 15) + 6 + (8 - 13).
39
-59 + (-33 - -17 - -25 - (3 + 3)) + -3
-59
What is the value of 8 - -2 - (42 + -51 + 28)?
-9
Evaluate -6 - (11 - (-46 + -6 - (-7 + (-9 - -8)))).
-61
What is the value of 0 + 35 + -20 + 20 + 12?
47
Evaluate 21 + (-60 - ((18 - 15) + -12)).
-30
Calculate (-57 - (-21 + -1)) + (0 + 6 - (31 - 30)).
-30
Calculate 48 + -5 + 9 - (11 - 16).
57
23 + 0 + 578 + -595 - 28
-22
What is 22 + 2 + -28 + -8 + -4 + -3 + 11?
-8
Calculate -25 - ((-16 - 6) + -45).
42
Calculate 9 - 8 - ((24 - -24) + -54).
7
Evaluate -20 + (-6 - (-21 + 21 + -26)).
0
Evaluate -32 + (-9 - (10 - (35 + -58))).
-74
What is the value of -60 + (13 + 53 - 28) - -30?
8
What is -11 - (-43 - -35) - (1 + (7 - (0 + -5)))?
-16
Evaluate 131 + (29 - 44) - ((8 - 7) + 7 - -5).
103
1 + -2 + -7 + 3 + (4 + -2 - -2)
-1
What is 26 + 114 + (-23 + 22 - 12)?
127
Calculate -54 + (-34 - -40) + 41.
-7
Evaluate -3 - (16 - 1 - (114 + -103)) - (-6 + 52).
-53
What is (-74 - -115) + (10 - (-6 + 22))?
35
What is -52 - (5 + -26 + -6) - (-5 - 1)?
-19
What is the value of 67 + -98 + (-70 - -45)?
-56
What is -80 - ((-6 - -34) + -86)?
-22
What is (2 - -2) + (-1517 - -1511) - (80 + 0)?
-82
What is the value of -226 + 326 + 9 + 1 + 17 + -2?
125
(-2 - 3) + (-309 - -310) + 12 - (-3 + -1)
12
0 + -2 + 2 - 6 - (-40 - (-2 + -7))
25
What is -32 + -14 + 66 + (6 + -10 - (-2 - -1))?
17
Calculate -12 + 51 + (14 + -14 - -11).
5